{"id":519,"date":"2021-12-08T18:16:51","date_gmt":"2021-12-08T18:16:51","guid":{"rendered":"https:\/\/pamojah.de\/?page_id=519"},"modified":"2021-12-08T18:16:51","modified_gmt":"2021-12-08T18:16:51","slug":"grundinformationen-zu-impfmoeglichkeiten-in-wiesbaden-in-verschiedenen-sprachen","status":"publish","type":"page","link":"https:\/\/pamojah.de\/?page_id=519","title":{"rendered":"Grundinformationen zu Impfm\u00f6glichkeiten in Wiesbaden in verschiedenen Sprachen"},"content":{"rendered":"<p>Liebe Alle,<\/p>\n<p>uns haben Beschwerden \u00fcber fehlende Informationen zu \u00f6rtlichen Impfm\u00f6glichkeiten in Fremdsprachen erreicht. Da es sich um eine sehr akute Situation handelt, sind wir aus unserem Handlungsbereich herausgeschl\u00fcpft und haben &#8220;angepackt&#8221;. Innerhalb des Ausl\u00e4nderbeirats haben wir in unterschiedlichen Sprachen zusammengefasst, \u00fcber welche Stellen man an Impftermine kommen kann. Falls es Sprachen gibt, die in dieser Datei fehlen, w\u00e4ren wir um Unterst\u00fctzung durch eine \u00dcbersetzung in die jeweilige Sprache dankbar.<\/p>\n<p>&#8220;Informationen zu Impfm\u00f6glichkeiten f\u00fcr Wiesbadener*innen<\/p>\n<p>Wenn Sie keine \u00c4rzte kennen, k\u00f6nnen Sie sich telefonisch unter 116117 an den \u00e4rztlichen Bereitschaftsdienst wenden. Alternativ k\u00f6nnen Sie diese Seite nutzen, um nach einem Arzt zu finden:\u00a0<a href=\"http:\/\/arztsuchehessen.de\/\">arztsuchehessen.de<\/a><\/p>\n<p>Zwischen 8:30 Uhr &#8211; 15:30 Uhr k\u00f6nnen Sie \u00fcber diese Telefonnummer bei den Helios Kliniken einen Termin vereinbaren: 0611 \/ 31-9292<\/p>\n<p>Alternativ auch \u00fcber diese Website:<\/p>\n<p><a href=\"https:\/\/www.wiesbaden.de\/leben-in-wiesbaden\/gesundheit\/gesundheitsfoerderung\/corona-impfung-kontaktformular.php\">https:\/\/www.wiesbaden.de\/leben-in-wiesbaden\/gesundheit\/gesundheitsfoerderung\/corona-impfung-kontaktformular.php<\/a><\/p>\n<p>Bleiben Sie gesund!<\/p>\n<p>Ausl\u00e4nderbeirat Wiesbaden&#8221;<\/p>\n<p>Gerne weiterleiten.<\/p>\n<p>Besten Gru\u00df<br \/>\nIbrahim Kizilg\u00f6z<\/p>\n<p><a href=\"https:\/\/pamojah.de\/wp-content\/uploads\/2021\/12\/Ausla\u0308nderbeirat-Information.pdf\">Ausla\u0308nderbeirat Information<\/a><\/p>\n<p>&nbsp;<\/p>\n","protected":false},"excerpt":{"rendered":"<p>Liebe Alle, uns haben Beschwerden \u00fcber fehlende Informationen zu \u00f6rtlichen Impfm\u00f6glichkeiten in Fremdsprachen erreicht. Da es sich um eine sehr akute Situation handelt, sind wir aus unserem Handlungsbereich herausgeschl\u00fcpft und haben &#8220;angepackt&#8221;. Innerhalb des Ausl\u00e4nderbeirats haben wir in unterschiedlichen Sprachen zusammengefasst, \u00fcber welche Stellen man an Impftermine kommen kann. Falls es Sprachen gibt, die in [&hellip;]<\/p>\n","protected":false},"author":1,"featured_media":0,"parent":0,"menu_order":0,"comment_status":"closed","ping_status":"closed","template":"","meta":{"footnotes":""},"class_list":["post-519","page","type-page","status-publish","hentry"],"_links":{"self":[{"href":"https:\/\/pamojah.de\/index.php?rest_route=\/wp\/v2\/pages\/519","targetHints":{"allow":["GET"]}}],"collection":[{"href":"https:\/\/pamojah.de\/index.php?rest_route=\/wp\/v2\/pages"}],"about":[{"href":"https:\/\/pamojah.de\/index.php?rest_route=\/wp\/v2\/types\/page"}],"author":[{"embeddable":true,"href":"https:\/\/pamojah.de\/index.php?rest_route=\/wp\/v2\/users\/1"}],"replies":[{"embeddable":true,"href":"https:\/\/pamojah.de\/index.php?rest_route=%2Fwp%2Fv2%2Fcomments&post=519"}],"version-history":[{"count":3,"href":"https:\/\/pamojah.de\/index.php?rest_route=\/wp\/v2\/pages\/519\/revisions"}],"predecessor-version":[{"id":523,"href":"https:\/\/pamojah.de\/index.php?rest_route=\/wp\/v2\/pages\/519\/revisions\/523"}],"wp:attachment":[{"href":"https:\/\/pamojah.de\/index.php?rest_route=%2Fwp%2Fv2%2Fmedia&parent=519"}],"curies":[{"name":"wp","href":"https:\/\/api.w.org\/{rel}","templated":true}]}}